{"id":468,"date":"2023-05-17T14:24:11","date_gmt":"2023-05-17T12:24:11","guid":{"rendered":"https:\/\/www.culture-anderlues.be\/?page_id=468"},"modified":"2025-01-14T16:15:09","modified_gmt":"2025-01-14T15:15:09","slug":"toutes-boites","status":"publish","type":"page","link":"https:\/\/www.culture-anderlues.be\/?page_id=468","title":{"rendered":"Toutes-Bo\u00eetes"},"content":{"rendered":"\n<p class=\"has-text-align-center has-secondary-color has-text-color has-link-color has-larger-font-size wp-elements-f7946cd769e75d7bda0106e016a17a53\" style=\"font-style:italic;font-weight:800\">Toutes-Bo\u00eetes 81<\/p>\n\n\n\n<figure class=\"wp-block-image size-full\"><img loading=\"lazy\" decoding=\"async\" width=\"2339\" height=\"1299\" src=\"https:\/\/www.culture-anderlues.be\/wp-content\/uploads\/2025\/01\/depliant_centre_culturel_81-2.jpg\" alt=\"\" class=\"wp-image-751\" srcset=\"https:\/\/www.culture-anderlues.be\/wp-content\/uploads\/2025\/01\/depliant_centre_culturel_81-2.jpg 2339w, https:\/\/www.culture-anderlues.be\/wp-content\/uploads\/2025\/01\/depliant_centre_culturel_81-2-300x167.jpg 300w, https:\/\/www.culture-anderlues.be\/wp-content\/uploads\/2025\/01\/depliant_centre_culturel_81-2-1024x569.jpg 1024w, https:\/\/www.culture-anderlues.be\/wp-content\/uploads\/2025\/01\/depliant_centre_culturel_81-2-768x427.jpg 768w, https:\/\/www.culture-anderlues.be\/wp-content\/uploads\/2025\/01\/depliant_centre_culturel_81-2-1536x853.jpg 1536w, https:\/\/www.culture-anderlues.be\/wp-content\/uploads\/2025\/01\/depliant_centre_culturel_81-2-2048x1137.jpg 2048w, https:\/\/www.culture-anderlues.be\/wp-content\/uploads\/2025\/01\/depliant_centre_culturel_81-2-1200x666.jpg 1200w, https:\/\/www.culture-anderlues.be\/wp-content\/uploads\/2025\/01\/depliant_centre_culturel_81-2-1980x1100.jpg 1980w\" sizes=\"auto, (max-width: 2339px) 100vw, 2339px\" \/><\/figure>\n\n\n\n<figure class=\"wp-block-image size-full\"><img loading=\"lazy\" decoding=\"async\" width=\"2339\" height=\"1299\" src=\"https:\/\/www.culture-anderlues.be\/wp-content\/uploads\/2025\/01\/depliant_centre_culturel_812-2.jpg\" alt=\"\" class=\"wp-image-752\" srcset=\"https:\/\/www.culture-anderlues.be\/wp-content\/uploads\/2025\/01\/depliant_centre_culturel_812-2.jpg 2339w, https:\/\/www.culture-anderlues.be\/wp-content\/uploads\/2025\/01\/depliant_centre_culturel_812-2-300x167.jpg 300w, https:\/\/www.culture-anderlues.be\/wp-content\/uploads\/2025\/01\/depliant_centre_culturel_812-2-1024x569.jpg 1024w, https:\/\/www.culture-anderlues.be\/wp-content\/uploads\/2025\/01\/depliant_centre_culturel_812-2-768x427.jpg 768w, https:\/\/www.culture-anderlues.be\/wp-content\/uploads\/2025\/01\/depliant_centre_culturel_812-2-1536x853.jpg 1536w, https:\/\/www.culture-anderlues.be\/wp-content\/uploads\/2025\/01\/depliant_centre_culturel_812-2-2048x1137.jpg 2048w, https:\/\/www.culture-anderlues.be\/wp-content\/uploads\/2025\/01\/depliant_centre_culturel_812-2-1200x666.jpg 1200w, https:\/\/www.culture-anderlues.be\/wp-content\/uploads\/2025\/01\/depliant_centre_culturel_812-2-1980x1100.jpg 1980w\" sizes=\"auto, (max-width: 2339px) 100vw, 2339px\" \/><\/figure>\n\n\n\n<p class=\"has-text-align-center has-secondary-color has-text-color has-link-color has-larger-font-size wp-elements-2f8dab11aad06b6cb935550c15524947\" style=\"font-style:italic;font-weight:800\">Toutes-Bo\u00eetes 78<\/p>\n\n\n\n<figure class=\"wp-block-image alignwide size-full is-style-default\"><img loading=\"lazy\" decoding=\"async\" width=\"2339\" height=\"1299\" src=\"https:\/\/www.culture-anderlues.be\/wp-content\/uploads\/2024\/01\/Outlook-depliant_c.jpg\" alt=\"\" class=\"wp-image-589\" srcset=\"https:\/\/www.culture-anderlues.be\/wp-content\/uploads\/2024\/01\/Outlook-depliant_c.jpg 2339w, https:\/\/www.culture-anderlues.be\/wp-content\/uploads\/2024\/01\/Outlook-depliant_c-300x167.jpg 300w, https:\/\/www.culture-anderlues.be\/wp-content\/uploads\/2024\/01\/Outlook-depliant_c-1024x569.jpg 1024w, https:\/\/www.culture-anderlues.be\/wp-content\/uploads\/2024\/01\/Outlook-depliant_c-768x427.jpg 768w, https:\/\/www.culture-anderlues.be\/wp-content\/uploads\/2024\/01\/Outlook-depliant_c-1536x853.jpg 1536w, https:\/\/www.culture-anderlues.be\/wp-content\/uploads\/2024\/01\/Outlook-depliant_c-2048x1137.jpg 2048w, https:\/\/www.culture-anderlues.be\/wp-content\/uploads\/2024\/01\/Outlook-depliant_c-1200x666.jpg 1200w, https:\/\/www.culture-anderlues.be\/wp-content\/uploads\/2024\/01\/Outlook-depliant_c-1980x1100.jpg 1980w\" sizes=\"auto, (max-width: 2339px) 100vw, 2339px\" \/><\/figure>\n\n\n\n<p><\/p>\n\n\n\n<figure class=\"wp-block-image alignwide size-full\"><img loading=\"lazy\" decoding=\"async\" width=\"2339\" height=\"1299\" src=\"https:\/\/www.culture-anderlues.be\/wp-content\/uploads\/2024\/01\/Outlook-depliant_c-1.jpg\" alt=\"\" class=\"wp-image-590\" srcset=\"https:\/\/www.culture-anderlues.be\/wp-content\/uploads\/2024\/01\/Outlook-depliant_c-1.jpg 2339w, https:\/\/www.culture-anderlues.be\/wp-content\/uploads\/2024\/01\/Outlook-depliant_c-1-300x167.jpg 300w, https:\/\/www.culture-anderlues.be\/wp-content\/uploads\/2024\/01\/Outlook-depliant_c-1-1024x569.jpg 1024w, https:\/\/www.culture-anderlues.be\/wp-content\/uploads\/2024\/01\/Outlook-depliant_c-1-768x427.jpg 768w, https:\/\/www.culture-anderlues.be\/wp-content\/uploads\/2024\/01\/Outlook-depliant_c-1-1536x853.jpg 1536w, https:\/\/www.culture-anderlues.be\/wp-content\/uploads\/2024\/01\/Outlook-depliant_c-1-2048x1137.jpg 2048w, https:\/\/www.culture-anderlues.be\/wp-content\/uploads\/2024\/01\/Outlook-depliant_c-1-1200x666.jpg 1200w, https:\/\/www.culture-anderlues.be\/wp-content\/uploads\/2024\/01\/Outlook-depliant_c-1-1980x1100.jpg 1980w\" sizes=\"auto, (max-width: 2339px) 100vw, 2339px\" \/><\/figure>\n\n\n\n<p><\/p>\n\n\n\n<p><\/p>\n\n\n\n<p class=\"has-text-align-center has-secondary-color has-text-color has-larger-font-size\" style=\"font-style:italic;font-weight:800\">Toutes-Bo\u00eetes 76<\/p>\n\n\n\n<figure class=\"wp-block-image alignwide size-full\"><img loading=\"lazy\" decoding=\"async\" width=\"2560\" height=\"1422\" src=\"https:\/\/www.culture-anderlues.be\/wp-content\/uploads\/2023\/05\/unnamed-2-scaled.jpg\" alt=\"\" class=\"wp-image-477\" srcset=\"https:\/\/www.culture-anderlues.be\/wp-content\/uploads\/2023\/05\/unnamed-2-scaled.jpg 2560w, https:\/\/www.culture-anderlues.be\/wp-content\/uploads\/2023\/05\/unnamed-2-300x167.jpg 300w, https:\/\/www.culture-anderlues.be\/wp-content\/uploads\/2023\/05\/unnamed-2-1024x569.jpg 1024w, https:\/\/www.culture-anderlues.be\/wp-content\/uploads\/2023\/05\/unnamed-2-768x426.jpg 768w, https:\/\/www.culture-anderlues.be\/wp-content\/uploads\/2023\/05\/unnamed-2-1536x853.jpg 1536w, https:\/\/www.culture-anderlues.be\/wp-content\/uploads\/2023\/05\/unnamed-2-2048x1137.jpg 2048w, https:\/\/www.culture-anderlues.be\/wp-content\/uploads\/2023\/05\/unnamed-2-1200x666.jpg 1200w, https:\/\/www.culture-anderlues.be\/wp-content\/uploads\/2023\/05\/unnamed-2-1980x1099.jpg 1980w\" sizes=\"auto, (max-width: 2560px) 100vw, 2560px\" \/><\/figure>\n\n\n\n<figure class=\"wp-block-image alignwide size-full\"><img loading=\"lazy\" decoding=\"async\" width=\"2560\" height=\"1422\" src=\"https:\/\/www.culture-anderlues.be\/wp-content\/uploads\/2023\/05\/unnamed-1-1-scaled.jpg\" alt=\"\" class=\"wp-image-475\" srcset=\"https:\/\/www.culture-anderlues.be\/wp-content\/uploads\/2023\/05\/unnamed-1-1-scaled.jpg 2560w, https:\/\/www.culture-anderlues.be\/wp-content\/uploads\/2023\/05\/unnamed-1-1-300x167.jpg 300w, https:\/\/www.culture-anderlues.be\/wp-content\/uploads\/2023\/05\/unnamed-1-1-1024x569.jpg 1024w, https:\/\/www.culture-anderlues.be\/wp-content\/uploads\/2023\/05\/unnamed-1-1-768x426.jpg 768w, https:\/\/www.culture-anderlues.be\/wp-content\/uploads\/2023\/05\/unnamed-1-1-1536x853.jpg 1536w, https:\/\/www.culture-anderlues.be\/wp-content\/uploads\/2023\/05\/unnamed-1-1-2048x1137.jpg 2048w, https:\/\/www.culture-anderlues.be\/wp-content\/uploads\/2023\/05\/unnamed-1-1-1200x666.jpg 1200w, https:\/\/www.culture-anderlues.be\/wp-content\/uploads\/2023\/05\/unnamed-1-1-1980x1099.jpg 1980w\" sizes=\"auto, (max-width: 2560px) 100vw, 2560px\" \/><\/figure>\n","protected":false},"excerpt":{"rendered":"<p>Toutes-Bo\u00eetes 81 Toutes-Bo\u00eetes 78 Toutes-Bo\u00eetes 76<\/p>\n","protected":false},"author":1,"featured_media":0,"parent":0,"menu_order":0,"comment_status":"closed","ping_status":"closed","template":"","meta":{"footnotes":""},"class_list":["post-468","page","type-page","status-publish","hentry"],"_links":{"self":[{"href":"https:\/\/www.culture-anderlues.be\/index.php?rest_route=\/wp\/v2\/pages\/468","targetHints":{"allow":["GET"]}}],"collection":[{"href":"https:\/\/www.culture-anderlues.be\/index.php?rest_route=\/wp\/v2\/pages"}],"about":[{"href":"https:\/\/www.culture-anderlues.be\/index.php?rest_route=\/wp\/v2\/types\/page"}],"author":[{"embeddable":true,"href":"https:\/\/www.culture-anderlues.be\/index.php?rest_route=\/wp\/v2\/users\/1"}],"replies":[{"embeddable":true,"href":"https:\/\/www.culture-anderlues.be\/index.php?rest_route=%2Fwp%2Fv2%2Fcomments&post=468"}],"version-history":[{"count":10,"href":"https:\/\/www.culture-anderlues.be\/index.php?rest_route=\/wp\/v2\/pages\/468\/revisions"}],"predecessor-version":[{"id":753,"href":"https:\/\/www.culture-anderlues.be\/index.php?rest_route=\/wp\/v2\/pages\/468\/revisions\/753"}],"wp:attachment":[{"href":"https:\/\/www.culture-anderlues.be\/index.php?rest_route=%2Fwp%2Fv2%2Fmedia&parent=468"}],"curies":[{"name":"wp","href":"https:\/\/api.w.org\/{rel}","templated":true}]}}