{"id":990,"date":"2026-01-21T10:25:22","date_gmt":"2026-01-21T09:25:22","guid":{"rendered":"https:\/\/www.culture-anderlues.be\/?post_type=event_listing&#038;p=990"},"modified":"2026-06-28T01:19:49","modified_gmt":"2026-06-27T23:19:49","slug":"soiree-salle-de-bains-4","status":"expired","type":"event_listing","link":"https:\/\/www.culture-anderlues.be\/?event_listing=soiree-salle-de-bains-4","title":{"rendered":"Soir\u00e9e salle de bain"},"content":{"rendered":"\n<p class=\"has-text-align-center has-background-color has-secondary-background-color has-text-color has-background has-larger-font-size wp-block-paragraph\" style=\"font-style:italic;font-weight:900\">!!! REPORT A UNE DATE ULTERIEURE !!!<\/p>\n\n\n\n<p class=\"has-text-align-center has-large-font-size wp-block-paragraph\" style=\"font-style:normal;font-weight:1000\">Cher public,<\/p>\n\n\n\n<p class=\"has-text-align-center has-large-font-size wp-block-paragraph\" style=\"font-style:normal;font-weight:1000\">Etant donn\u00e9 les conditions m\u00e9t\u00e9orologiques, nous sommes contraints de reporter la Soir\u00e9e salle de bain de ce soir.<\/p>\n\n\n\n<p class=\"has-text-align-center has-large-font-size wp-block-paragraph\" style=\"font-style:normal;font-weight:1000\">Le Centre culturel d&#8217;Anderlues n&#8217;ayant pas de syst\u00e8me de climatisation, nous ne pouvons assurer de vous recevoir dans de bonnes conditions.<\/p>\n\n\n\n<p class=\"has-text-align-center has-large-font-size wp-block-paragraph\" style=\"font-style:normal;font-weight:1000\">Nous vous communiquerons la nouvelle date d\u00e8s que possible.<\/p>\n\n\n\n<p class=\"has-text-align-center has-large-font-size wp-block-paragraph\" style=\"font-style:normal;font-weight:1000\">Merci pour votre compr\u00e9hension.<\/p>\n\n\n\n<p class=\"has-text-align-center has-large-font-size wp-block-paragraph\" style=\"font-style:normal;font-weight:1000\">Pour toute question : 071\/54.35.65 &#8211; 0470\/13.40.75<\/p>\n\n\n\n<p class=\"has-text-align-center has-background-color has-secondary-background-color has-text-color has-background has-larger-font-size wp-block-paragraph\" style=\"font-style:normal;font-weight:800\">centreculturelanderlues@hotmail.com<\/p>\n\n\n\n<p class=\"has-text-align-center has-background-color has-secondary-background-color has-text-color has-background has-link-color has-larger-font-size wp-elements-1 wp-block-paragraph\"><strong>P.A.F. : 12\u20ac<\/strong><\/p>\n\n\n\n<figure class=\"wp-block-image size-large\"><img loading=\"lazy\" decoding=\"async\" width=\"724\" height=\"1024\" src=\"https:\/\/www.culture-anderlues.be\/wp-content\/uploads\/2026\/01\/731093906_4343554205974374_4147447644504629816_n-724x1024.jpg\" alt=\"\" class=\"wp-image-1005\" srcset=\"https:\/\/www.culture-anderlues.be\/wp-content\/uploads\/2026\/01\/731093906_4343554205974374_4147447644504629816_n-724x1024.jpg 724w, https:\/\/www.culture-anderlues.be\/wp-content\/uploads\/2026\/01\/731093906_4343554205974374_4147447644504629816_n-212x300.jpg 212w, https:\/\/www.culture-anderlues.be\/wp-content\/uploads\/2026\/01\/731093906_4343554205974374_4147447644504629816_n-768x1086.jpg 768w, https:\/\/www.culture-anderlues.be\/wp-content\/uploads\/2026\/01\/731093906_4343554205974374_4147447644504629816_n-1086x1536.jpg 1086w, https:\/\/www.culture-anderlues.be\/wp-content\/uploads\/2026\/01\/731093906_4343554205974374_4147447644504629816_n-1200x1697.jpg 1200w, https:\/\/www.culture-anderlues.be\/wp-content\/uploads\/2026\/01\/731093906_4343554205974374_4147447644504629816_n.jpg 1448w\" sizes=\"auto, (max-width: 724px) 100vw, 724px\" \/><\/figure>\n","protected":false},"featured_media":1003,"template":"","meta":[],"event_listing_category":[48],"event_listing_type":[],"class_list":["post-990","event_listing","type-event_listing","status-expired","has-post-thumbnail","hentry","event_listing_category-concert"],"_links":{"self":[{"href":"https:\/\/www.culture-anderlues.be\/index.php?rest_route=\/wp\/v2\/event_listing\/990","targetHints":{"allow":["GET"]}}],"collection":[{"href":"https:\/\/www.culture-anderlues.be\/index.php?rest_route=\/wp\/v2\/event_listing"}],"about":[{"href":"https:\/\/www.culture-anderlues.be\/index.php?rest_route=\/wp\/v2\/types\/event_listing"}],"wp:featuredmedia":[{"embeddable":true,"href":"https:\/\/www.culture-anderlues.be\/index.php?rest_route=\/wp\/v2\/media\/1003"}],"wp:attachment":[{"href":"https:\/\/www.culture-anderlues.be\/index.php?rest_route=%2Fwp%2Fv2%2Fmedia&parent=990"}],"wp:term":[{"taxonomy":"event_listing_category","embeddable":true,"href":"https:\/\/www.culture-anderlues.be\/index.php?rest_route=%2Fwp%2Fv2%2Fevent_listing_category&post=990"},{"taxonomy":"event_listing_type","embeddable":true,"href":"https:\/\/www.culture-anderlues.be\/index.php?rest_route=%2Fwp%2Fv2%2Fevent_listing_type&post=990"}],"curies":[{"name":"wp","href":"https:\/\/api.w.org\/{rel}","templated":true}]}}

Soirée salle de bain

<p class="has-text-align-center has-background-color has-secondary-background-color has-text-color has-background has-larger-font-size wp-block-paragraph" style="font-style:italic;font-weight:900">!!! REPORT A UNE DATE ULTERIEURE !!!</p>



<p class="has-text-align-center has-large-font-size wp-block-paragraph" style="font-style:normal;font-weight:1000">Cher public,</p>



<p class="has-text-align-center has-large-font-size wp-block-paragraph" style="font-style:normal;font-weight:1000">Etant donné les conditions météorologiques, nous sommes contraints de reporter la Soirée salle de bain de ce soir.</p>



<p class="has-text-align-center has-large-font-size wp-block-paragraph" style="font-style:normal;font-weight:1000">Le Centre culturel d&#8217;Anderlues n&#8217;ayant pas de système de climatisation, nous ne pouvons assurer de vous recevoir dans de bonnes conditions.</p>



<p class="has-text-align-center has-large-font-size wp-block-paragraph" style="font-style:normal;font-weight:1000">Nous vous communiquerons la nouvelle date dès que possible.</p>



<p class="has-text-align-center has-large-font-size wp-block-paragraph" style="font-style:normal;font-weight:1000">Merci pour votre compréhension.</p>



<p class="has-text-align-center has-large-font-size wp-block-paragraph" style="font-style:normal;font-weight:1000">Pour toute question : 071/54.35.65 &#8211; 0470/13.40.75</p>



<p class="has-text-align-center has-background-color has-secondary-background-color has-text-color has-background has-larger-font-size wp-block-paragraph" style="font-style:normal;font-weight:800">centreculturelanderlues@hotmail.com</p>



<p class="has-text-align-center has-background-color has-secondary-background-color has-text-color has-background has-link-color has-larger-font-size wp-elements-1 wp-block-paragraph"><strong>P.A.F. : 12€</strong></p>



<figure class="wp-block-image size-large"><img loading="lazy" decoding="async" width="724" height="1024" src="https://www.culture-anderlues.be/wp-content/uploads/2026/01/731093906_4343554205974374_4147447644504629816_n-724x1024.jpg" alt="" class="wp-image-1005" srcset="https://www.culture-anderlues.be/wp-content/uploads/2026/01/731093906_4343554205974374_4147447644504629816_n-724x1024.jpg 724w, https://www.culture-anderlues.be/wp-content/uploads/2026/01/731093906_4343554205974374_4147447644504629816_n-212x300.jpg 212w, https://www.culture-anderlues.be/wp-content/uploads/2026/01/731093906_4343554205974374_4147447644504629816_n-768x1086.jpg 768w, https://www.culture-anderlues.be/wp-content/uploads/2026/01/731093906_4343554205974374_4147447644504629816_n-1086x1536.jpg 1086w, https://www.culture-anderlues.be/wp-content/uploads/2026/01/731093906_4343554205974374_4147447644504629816_n-1200x1697.jpg 1200w, https://www.culture-anderlues.be/wp-content/uploads/2026/01/731093906_4343554205974374_4147447644504629816_n.jpg 1448w" sizes="auto, (max-width: 724px) 100vw, 724px" /></figure>
