{"id":978,"date":"2026-01-03T13:53:43","date_gmt":"2026-01-03T12:53:43","guid":{"rendered":"https:\/\/www.culture-anderlues.be\/?post_type=event_listing&#038;p=978"},"modified":"2026-06-05T00:01:05","modified_gmt":"2026-06-04T22:01:05","slug":"cabaret-theatre-retour-en-farce","status":"expired","type":"event_listing","link":"https:\/\/www.culture-anderlues.be\/?event_listing=cabaret-theatre-retour-en-farce","title":{"rendered":"Cabaret-th\u00e9\u00e2tre : Retour en Farce"},"content":{"rendered":"\n<p class=\"has-text-align-center has-subtle-background-background-color has-background has-large-font-size wp-block-paragraph\" id=\"block-3ff76d1b-e2c2-4866-bed5-e0889a18347c\" style=\"font-style:italic;font-weight:800\">Mercredi 3 juin 2026 \u00e0 20h<\/p>\n\n\n\n<p class=\"has-text-align-center wp-block-paragraph\" id=\"block-a3244530-3659-4260-91d6-83cca7878044\">Le&nbsp;<strong>Centre culturel<\/strong>&nbsp;vous invite \u00e0<\/p>\n\n\n\n<p class=\"has-text-align-center wp-block-paragraph\" id=\"block-9e31eab6-da16-401f-9c9e-9eb0d35a1611\">son prochain&nbsp;<strong>cabaret-th\u00e9\u00e2tre<\/strong>&nbsp;:<\/p>\n\n\n\n<p class=\"has-text-align-center has-subtle-background-background-color has-background has-large-font-size wp-block-paragraph\" id=\"block-d982cec3-600e-4d4a-8155-1c5c7403baf3\" style=\"font-style:normal;font-weight:1000\"><strong>&#8220;<\/strong>Retour en Farce&#8221;<\/p>\n\n\n\n<p class=\"has-text-align-center wp-block-paragraph\"><strong>Mise en sc\u00e8ne : Bernard Suin <\/strong><\/p>\n\n\n\n<p class=\"has-text-align-center wp-block-paragraph\" id=\"block-b3d473cb-c8dd-47d3-84ed-acd06467f3c2\"><strong>avec Laure Provoost, France Cordier, Luc de Meester, Oph\u00e9lie Di Domenico, Nathalie Qu\u00e9riat, Andy Kirk, Caty Oldiescat&#8217;s, Mich\u00e8le Desmet et Linda Van Brussel<\/strong><\/p>\n\n\n\n<p class=\"has-text-align-center wp-block-paragraph\" id=\"block-61911026-ebba-428a-b45c-38539f928347\" style=\"font-style:italic;font-weight:100\">&#8221; Fort du succ\u00e8s de &#8220;L&#8217;Union fait la Farce&#8221;, concept n\u00e9 du Th\u00e9\u00e2tre de Poche de Charleroi, Bernard Suin relance cette formule culte pour le plus grand bonheur du public. <\/p>\n\n\n\n<p class=\"has-text-align-center wp-block-paragraph\" id=\"block-61911026-ebba-428a-b45c-38539f928347\" style=\"font-style:italic;font-weight:100\">&#8220;Retour en Farce&#8221; c&#8217;est un spectacle p\u00e9tillant o\u00f9 sketchs, parodies et pastiches s&#8217;enchainent pour vous offrir un pur moment de divertissement. Sur sc\u00e8ne, dix com\u00e9diens complices n&#8217;ont qu&#8217;un seul objectif : partager avec leur plaisir fou de jouer. car c&#8217;est bien l\u00e0 le secret : quand les artistes s&#8217;amusent, le bonheur est toujours partag\u00e9 ! &#8220;<\/p>\n\n\n\n<p class=\"has-text-align-center wp-block-paragraph\" id=\"block-181d3e3b-6497-4784-93e5-58a2fa04c19e\"><strong>O\u00f9?&nbsp;<\/strong>Centre culturel Anderlues \u2013 Place Albert 1er, 10 \u2013 Anderlues<\/p>\n\n\n\n<p class=\"has-text-align-center has-background-color has-secondary-background-color has-text-color has-background has-link-color has-large-font-size wp-elements-1 wp-block-paragraph\" id=\"block-2840d435-0598-41ae-95ce-932d79daf5bb\"><strong>P.A.F : 12\u20ac<\/strong><\/p>\n\n\n\n<p class=\"has-text-align-center wp-block-paragraph\" id=\"block-26c2e81d-005e-4cd4-ac4c-b72b859baea0\"><strong>Infos\/R\u00e9servations : centreculturelanderlues@hotmail.com &#8211; 071\/54.35.65 ou 0470\/13.40.75<\/strong><\/p>\n\n\n\n<figure class=\"wp-block-image size-large\"><img loading=\"lazy\" decoding=\"async\" width=\"724\" height=\"1024\" src=\"https:\/\/www.culture-anderlues.be\/wp-content\/uploads\/2026\/05\/Retour-en-farce-Affiche-3-1-724x1024.jpg\" alt=\"\" class=\"wp-image-980\" srcset=\"https:\/\/www.culture-anderlues.be\/wp-content\/uploads\/2026\/05\/Retour-en-farce-Affiche-3-1-724x1024.jpg 724w, https:\/\/www.culture-anderlues.be\/wp-content\/uploads\/2026\/05\/Retour-en-farce-Affiche-3-1-212x300.jpg 212w, https:\/\/www.culture-anderlues.be\/wp-content\/uploads\/2026\/05\/Retour-en-farce-Affiche-3-1-768x1086.jpg 768w, https:\/\/www.culture-anderlues.be\/wp-content\/uploads\/2026\/05\/Retour-en-farce-Affiche-3-1-1086x1536.jpg 1086w, https:\/\/www.culture-anderlues.be\/wp-content\/uploads\/2026\/05\/Retour-en-farce-Affiche-3-1-1200x1697.jpg 1200w, https:\/\/www.culture-anderlues.be\/wp-content\/uploads\/2026\/05\/Retour-en-farce-Affiche-3-1.jpg 1414w\" sizes=\"auto, (max-width: 724px) 100vw, 724px\" \/><\/figure>\n","protected":false},"featured_media":973,"template":"","meta":[],"event_listing_category":[47],"event_listing_type":[],"class_list":["post-978","event_listing","type-event_listing","status-expired","has-post-thumbnail","hentry","event_listing_category-theatre"],"_links":{"self":[{"href":"https:\/\/www.culture-anderlues.be\/index.php?rest_route=\/wp\/v2\/event_listing\/978","targetHints":{"allow":["GET"]}}],"collection":[{"href":"https:\/\/www.culture-anderlues.be\/index.php?rest_route=\/wp\/v2\/event_listing"}],"about":[{"href":"https:\/\/www.culture-anderlues.be\/index.php?rest_route=\/wp\/v2\/types\/event_listing"}],"wp:featuredmedia":[{"embeddable":true,"href":"https:\/\/www.culture-anderlues.be\/index.php?rest_route=\/wp\/v2\/media\/973"}],"wp:attachment":[{"href":"https:\/\/www.culture-anderlues.be\/index.php?rest_route=%2Fwp%2Fv2%2Fmedia&parent=978"}],"wp:term":[{"taxonomy":"event_listing_category","embeddable":true,"href":"https:\/\/www.culture-anderlues.be\/index.php?rest_route=%2Fwp%2Fv2%2Fevent_listing_category&post=978"},{"taxonomy":"event_listing_type","embeddable":true,"href":"https:\/\/www.culture-anderlues.be\/index.php?rest_route=%2Fwp%2Fv2%2Fevent_listing_type&post=978"}],"curies":[{"name":"wp","href":"https:\/\/api.w.org\/{rel}","templated":true}]}}

Cabaret-théâtre : Retour en Farce

<p class="has-text-align-center has-subtle-background-background-color has-background has-large-font-size wp-block-paragraph" id="block-3ff76d1b-e2c2-4866-bed5-e0889a18347c" style="font-style:italic;font-weight:800">Mercredi 3 juin 2026 à 20h</p>



<p class="has-text-align-center wp-block-paragraph" id="block-a3244530-3659-4260-91d6-83cca7878044">Le&nbsp;<strong>Centre culturel</strong>&nbsp;vous invite à</p>



<p class="has-text-align-center wp-block-paragraph" id="block-9e31eab6-da16-401f-9c9e-9eb0d35a1611">son prochain&nbsp;<strong>cabaret-théâtre</strong>&nbsp;:</p>



<p class="has-text-align-center has-subtle-background-background-color has-background has-large-font-size wp-block-paragraph" id="block-d982cec3-600e-4d4a-8155-1c5c7403baf3" style="font-style:normal;font-weight:1000"><strong>&#8220;</strong>Retour en Farce&#8221;</p>



<p class="has-text-align-center wp-block-paragraph"><strong>Mise en scène : Bernard Suin </strong></p>



<p class="has-text-align-center wp-block-paragraph" id="block-b3d473cb-c8dd-47d3-84ed-acd06467f3c2"><strong>avec Laure Provoost, France Cordier, Luc de Meester, Ophélie Di Domenico, Nathalie Quériat, Andy Kirk, Caty Oldiescat&#8217;s, Michèle Desmet et Linda Van Brussel</strong></p>



<p class="has-text-align-center wp-block-paragraph" id="block-61911026-ebba-428a-b45c-38539f928347" style="font-style:italic;font-weight:100">&#8221; Fort du succès de &#8220;L&#8217;Union fait la Farce&#8221;, concept né du Théâtre de Poche de Charleroi, Bernard Suin relance cette formule culte pour le plus grand bonheur du public. </p>



<p class="has-text-align-center wp-block-paragraph" id="block-61911026-ebba-428a-b45c-38539f928347" style="font-style:italic;font-weight:100">&#8220;Retour en Farce&#8221; c&#8217;est un spectacle pétillant où sketchs, parodies et pastiches s&#8217;enchainent pour vous offrir un pur moment de divertissement. Sur scène, dix comédiens complices n&#8217;ont qu&#8217;un seul objectif : partager avec leur plaisir fou de jouer. car c&#8217;est bien là le secret : quand les artistes s&#8217;amusent, le bonheur est toujours partagé ! &#8220;</p>



<p class="has-text-align-center wp-block-paragraph" id="block-181d3e3b-6497-4784-93e5-58a2fa04c19e"><strong>Où?&nbsp;</strong>Centre culturel Anderlues – Place Albert 1er, 10 – Anderlues</p>



<p class="has-text-align-center has-background-color has-secondary-background-color has-text-color has-background has-link-color has-large-font-size wp-elements-1 wp-block-paragraph" id="block-2840d435-0598-41ae-95ce-932d79daf5bb"><strong>P.A.F : 12€</strong></p>



<p class="has-text-align-center wp-block-paragraph" id="block-26c2e81d-005e-4cd4-ac4c-b72b859baea0"><strong>Infos/Réservations : centreculturelanderlues@hotmail.com &#8211; 071/54.35.65 ou 0470/13.40.75</strong></p>



<figure class="wp-block-image size-large"><img loading="lazy" decoding="async" width="724" height="1024" src="https://www.culture-anderlues.be/wp-content/uploads/2026/05/Retour-en-farce-Affiche-3-1-724x1024.jpg" alt="" class="wp-image-980" srcset="https://www.culture-anderlues.be/wp-content/uploads/2026/05/Retour-en-farce-Affiche-3-1-724x1024.jpg 724w, https://www.culture-anderlues.be/wp-content/uploads/2026/05/Retour-en-farce-Affiche-3-1-212x300.jpg 212w, https://www.culture-anderlues.be/wp-content/uploads/2026/05/Retour-en-farce-Affiche-3-1-768x1086.jpg 768w, https://www.culture-anderlues.be/wp-content/uploads/2026/05/Retour-en-farce-Affiche-3-1-1086x1536.jpg 1086w, https://www.culture-anderlues.be/wp-content/uploads/2026/05/Retour-en-farce-Affiche-3-1-1200x1697.jpg 1200w, https://www.culture-anderlues.be/wp-content/uploads/2026/05/Retour-en-farce-Affiche-3-1.jpg 1414w" sizes="auto, (max-width: 724px) 100vw, 724px" /></figure>
