{"id":1021,"date":"2026-08-05T10:23:42","date_gmt":"2026-08-05T08:23:42","guid":{"rendered":"https:\/\/www.culture-anderlues.be\/?post_type=event_listing&#038;p=1021"},"modified":"2026-09-02T11:06:58","modified_gmt":"2026-09-02T09:06:58","slug":"projection-interdit-aux-chiens-et-aux-italiens","status":"publish","type":"event_listing","link":"https:\/\/www.culture-anderlues.be\/?event_listing=projection-interdit-aux-chiens-et-aux-italiens","title":{"rendered":"Projection : Interdit aux chiens et aux italiens"},"content":{"rendered":"\n<p class=\"has-text-align-center has-background-color has-secondary-background-color has-text-color has-background has-link-color has-large-font-size wp-elements-1 wp-block-paragraph\" style=\"font-style:normal;font-weight:1000\">Dans le cadre de la semaine de l&#8217;Immigration <\/p>\n\n\n\n<p class=\"has-text-align-center has-primary-color has-blush-light-purple-gradient-background has-text-color has-background has-link-color has-large-font-size wp-elements-2 wp-block-paragraph\" style=\"font-style:normal;font-weight:800\">Mardi 8 septembre 2026 \u00e0 19h <\/p>\n\n\n\n<p class=\"has-text-align-center has-large-font-size wp-block-paragraph\" style=\"font-style:normal;font-weight:200\"><strong>Le Centre culturel d\u2019Anderlues vous invite<\/strong><\/p>\n\n\n\n<p class=\"has-text-align-center has-large-font-size wp-block-paragraph\" style=\"font-style:normal;font-weight:200\"><strong>\u00e0 sa projection : <\/strong><\/p>\n\n\n\n<p class=\"has-text-align-center has-primary-color has-blush-light-purple-gradient-background has-text-color has-background has-large-font-size wp-block-paragraph\" style=\"font-style:normal;font-weight:800\">&#8220;Interdit aux chiens et aux italiens&#8221;<\/p>\n\n\n\n<p class=\"has-text-align-center wp-block-paragraph\" style=\"font-style:italic;font-weight:200\">&#8220;D\u00e9but du XXe si\u00e8cle, dans le nord de l\u2019Italie, \u00e0 Ughettera, berceau de la famille Ughetto. La vie dans cette r\u00e9gion \u00e9tant devenue tr\u00e8s difficile, les Ughetto r\u00eavent de tout recommencer \u00e0 l\u2019\u00e9tranger. Selon la l\u00e9gende, Luigi Ughetto traverse alors les Alpes et entame une nouvelle vie en France, changeant \u00e0 jamais le destin de sa famille tant aim\u00e9e. Son petit-fils retrace ici leur histoire.&#8221; (Allocin\u00e9)<\/p>\n\n\n\n<p class=\"has-text-align-center has-accent-color has-text-color has-link-color has-large-font-size wp-elements-3 wp-block-paragraph\"><strong>PROJECTION GRATUITE<\/strong><\/p>\n\n\n\n<p class=\"has-text-align-center has-large-font-size wp-block-paragraph\" style=\"font-style:normal;font-weight:800\"><strong>I<\/strong>nformations : centreculturelanderlues@hotmail.com ou 071\/54.35.65 &#8211; 0470\/13.40.75<\/p>\n\n\n\n<figure class=\"wp-block-image size-large\"><img loading=\"lazy\" decoding=\"async\" width=\"724\" height=\"1024\" src=\"https:\/\/www.culture-anderlues.be\/wp-content\/uploads\/2026\/09\/Affiche-dinvitations-a-la-soiree-de-cinema-en-noir-1-724x1024.jpg\" alt=\"\" class=\"wp-image-1022\" srcset=\"https:\/\/www.culture-anderlues.be\/wp-content\/uploads\/2026\/09\/Affiche-dinvitations-a-la-soiree-de-cinema-en-noir-1-724x1024.jpg 724w, https:\/\/www.culture-anderlues.be\/wp-content\/uploads\/2026\/09\/Affiche-dinvitations-a-la-soiree-de-cinema-en-noir-1-212x300.jpg 212w, https:\/\/www.culture-anderlues.be\/wp-content\/uploads\/2026\/09\/Affiche-dinvitations-a-la-soiree-de-cinema-en-noir-1-768x1086.jpg 768w, https:\/\/www.culture-anderlues.be\/wp-content\/uploads\/2026\/09\/Affiche-dinvitations-a-la-soiree-de-cinema-en-noir-1-1086x1536.jpg 1086w, https:\/\/www.culture-anderlues.be\/wp-content\/uploads\/2026\/09\/Affiche-dinvitations-a-la-soiree-de-cinema-en-noir-1-1448x2048.jpg 1448w, https:\/\/www.culture-anderlues.be\/wp-content\/uploads\/2026\/09\/Affiche-dinvitations-a-la-soiree-de-cinema-en-noir-1-1200x1698.jpg 1200w, https:\/\/www.culture-anderlues.be\/wp-content\/uploads\/2026\/09\/Affiche-dinvitations-a-la-soiree-de-cinema-en-noir-1.jpg 1587w\" sizes=\"auto, (max-width: 724px) 100vw, 724px\" \/><\/figure>\n","protected":false},"featured_media":1022,"template":"","meta":[],"event_listing_category":[],"event_listing_type":[],"class_list":["post-1021","event_listing","type-event_listing","status-publish","has-post-thumbnail","hentry"],"_links":{"self":[{"href":"https:\/\/www.culture-anderlues.be\/index.php?rest_route=\/wp\/v2\/event_listing\/1021","targetHints":{"allow":["GET"]}}],"collection":[{"href":"https:\/\/www.culture-anderlues.be\/index.php?rest_route=\/wp\/v2\/event_listing"}],"about":[{"href":"https:\/\/www.culture-anderlues.be\/index.php?rest_route=\/wp\/v2\/types\/event_listing"}],"wp:featuredmedia":[{"embeddable":true,"href":"https:\/\/www.culture-anderlues.be\/index.php?rest_route=\/wp\/v2\/media\/1022"}],"wp:attachment":[{"href":"https:\/\/www.culture-anderlues.be\/index.php?rest_route=%2Fwp%2Fv2%2Fmedia&parent=1021"}],"wp:term":[{"taxonomy":"event_listing_category","embeddable":true,"href":"https:\/\/www.culture-anderlues.be\/index.php?rest_route=%2Fwp%2Fv2%2Fevent_listing_category&post=1021"},{"taxonomy":"event_listing_type","embeddable":true,"href":"https:\/\/www.culture-anderlues.be\/index.php?rest_route=%2Fwp%2Fv2%2Fevent_listing_type&post=1021"}],"curies":[{"name":"wp","href":"https:\/\/api.w.org\/{rel}","templated":true}]}}

<p class="has-text-align-center has-background-color has-secondary-background-color has-text-color has-background has-link-color has-large-font-size wp-elements-1 wp-block-paragraph" style="font-style:normal;font-weight:1000">Dans le cadre de la semaine de l&#8217;Immigration </p>



<p class="has-text-align-center has-primary-color has-blush-light-purple-gradient-background has-text-color has-background has-link-color has-large-font-size wp-elements-2 wp-block-paragraph" style="font-style:normal;font-weight:800">Mardi 8 septembre 2026 à 19h </p>



<p class="has-text-align-center has-large-font-size wp-block-paragraph" style="font-style:normal;font-weight:200"><strong>Le Centre culturel d’Anderlues vous invite</strong></p>



<p class="has-text-align-center has-large-font-size wp-block-paragraph" style="font-style:normal;font-weight:200"><strong>à sa projection : </strong></p>



<p class="has-text-align-center has-primary-color has-blush-light-purple-gradient-background has-text-color has-background has-large-font-size wp-block-paragraph" style="font-style:normal;font-weight:800">&#8220;Interdit aux chiens et aux italiens&#8221;</p>



<p class="has-text-align-center wp-block-paragraph" style="font-style:italic;font-weight:200">&#8220;Début du XXe siècle, dans le nord de l’Italie, à Ughettera, berceau de la famille Ughetto. La vie dans cette région étant devenue très difficile, les Ughetto rêvent de tout recommencer à l’étranger. Selon la légende, Luigi Ughetto traverse alors les Alpes et entame une nouvelle vie en France, changeant à jamais le destin de sa famille tant aimée. Son petit-fils retrace ici leur histoire.&#8221; (Allociné)</p>



<p class="has-text-align-center has-accent-color has-text-color has-link-color has-large-font-size wp-elements-3 wp-block-paragraph"><strong>PROJECTION GRATUITE</strong></p>



<p class="has-text-align-center has-large-font-size wp-block-paragraph" style="font-style:normal;font-weight:800"><strong>I</strong>nformations : centreculturelanderlues@hotmail.com ou 071/54.35.65 &#8211; 0470/13.40.75</p>



<figure class="wp-block-image size-large"><img loading="lazy" decoding="async" width="724" height="1024" src="https://www.culture-anderlues.be/wp-content/uploads/2026/09/Affiche-dinvitations-a-la-soiree-de-cinema-en-noir-1-724x1024.jpg" alt="" class="wp-image-1022" srcset="https://www.culture-anderlues.be/wp-content/uploads/2026/09/Affiche-dinvitations-a-la-soiree-de-cinema-en-noir-1-724x1024.jpg 724w, https://www.culture-anderlues.be/wp-content/uploads/2026/09/Affiche-dinvitations-a-la-soiree-de-cinema-en-noir-1-212x300.jpg 212w, https://www.culture-anderlues.be/wp-content/uploads/2026/09/Affiche-dinvitations-a-la-soiree-de-cinema-en-noir-1-768x1086.jpg 768w, https://www.culture-anderlues.be/wp-content/uploads/2026/09/Affiche-dinvitations-a-la-soiree-de-cinema-en-noir-1-1086x1536.jpg 1086w, https://www.culture-anderlues.be/wp-content/uploads/2026/09/Affiche-dinvitations-a-la-soiree-de-cinema-en-noir-1-1448x2048.jpg 1448w, https://www.culture-anderlues.be/wp-content/uploads/2026/09/Affiche-dinvitations-a-la-soiree-de-cinema-en-noir-1-1200x1698.jpg 1200w, https://www.culture-anderlues.be/wp-content/uploads/2026/09/Affiche-dinvitations-a-la-soiree-de-cinema-en-noir-1.jpg 1587w" sizes="auto, (max-width: 724px) 100vw, 724px" /></figure>
