{"id":1007,"date":"2026-01-28T15:19:09","date_gmt":"2026-01-28T14:19:09","guid":{"rendered":"https:\/\/www.culture-anderlues.be\/?post_type=event_listing&#038;p=1007"},"modified":"2026-08-24T00:54:10","modified_gmt":"2026-08-23T22:54:10","slug":"bourlinguette-22-aout-2026","status":"expired","type":"event_listing","link":"https:\/\/www.culture-anderlues.be\/?event_listing=bourlinguette-22-aout-2026","title":{"rendered":"Bourlinguette &#8211; 22 ao\u00fbt 2026"},"content":{"rendered":"\n<h4 class=\"wp-block-heading has-text-align-center\">A vos agendas !<\/h4>\n\n\n\n<h3 class=\"wp-block-heading has-text-align-center\">La Biblioth\u00e8que &#8220;le Balzac&#8221; et le Centre culturel d&#8217;Anderlues<\/h3>\n\n\n\n<p class=\"has-text-align-center wp-block-paragraph\">vous convient \u00e0 :<\/p>\n\n\n\n<h4 class=\"wp-block-heading has-text-align-center has-background-color has-secondary-background-color has-text-color has-background has-link-color wp-elements-1\">SA BOURLINGUETTE<\/h4>\n\n\n\n<p class=\"has-text-align-center has-normal-font-size wp-block-paragraph\"><em><strong>Ambiance lampions, musique live et fra\u00eecheur&#8230;&nbsp;<\/strong><\/em><\/p>\n\n\n\n<p class=\"has-text-align-center has-large-font-size wp-block-paragraph\"><em><strong>La Guinguette arrive !&nbsp;<\/strong><\/em><\/p>\n\n\n\n<p class=\"has-text-align-center has-normal-font-size wp-block-paragraph\"><em>Envie de d\u00e9connecter une derni\u00e8re fois avant la rentr\u00e9e?&nbsp;<\/em><\/p>\n\n\n\n<p class=\"has-text-align-center has-normal-font-size wp-block-paragraph\"><em>Rejoignez nous le <strong>samedi 22 ao\u00fbt sur la Place Paul Pastur \u00e0 Anderlues de 11h \u00e0 minuit<\/strong> pour une journ\u00e9e sous le signe de la convivialit\u00e9 et du partage !&nbsp;<\/em><\/p>\n\n\n\n<h4 class=\"wp-block-heading has-text-align-center\">PROGRAMME :<\/h4>\n\n\n\n<p class=\"has-text-align-center has-normal-font-size wp-block-paragraph\"><em><strong>D\u00e8s 11h : ouverture des stands, des animations, des foodtrucks et des bars<\/strong><\/em><\/p>\n\n\n\n<h3 class=\"wp-block-heading has-text-align-center has-subtle-background-background-color has-background\">C\u00f4t\u00e9 animations :&nbsp;<\/h3>\n\n\n\n<p class=\"has-text-align-center has-normal-font-size wp-block-paragraph\">Jeux, ch\u00e2teau gonflable, grimage, sculpteur de ballons, coin lecture et d\u00e9tente, spectacle lumineux avec &#8220;<em><strong>Pr\u00e9 En Bulle<\/strong><\/em>&#8220;, &#8220;<em><strong>ASBL CrazyCircus<\/strong><\/em>&#8221; et &#8220;<strong><em>Babusiaux Animations<\/em><\/strong>&#8220;.&nbsp;<\/p>\n\n\n\n<h3 class=\"wp-block-heading has-text-align-center has-subtle-background-background-color has-background\">C\u00f4t\u00e9 artisanat :&nbsp;<\/h3>\n\n\n\n<p class=\"has-text-align-center has-normal-font-size wp-block-paragraph\">&#8220;<em><strong>Style &amp; Inspiration<\/strong><\/em>&#8220;, &#8220;<em><strong>Created By Nell<\/strong><\/em>&#8220;, &#8220;<em><strong>La Cardabelle<\/strong><\/em>&#8220;, &#8220;<em><strong>Tupperware<\/strong><\/em>&#8221; avec Gloria Savini, &#8220;<em><strong>Savonnerie artisanale Terra<\/strong><\/em>&#8220;, mais aussi &#8220;<em><strong>les Doudous magiques<\/strong><\/em>&#8220;, &#8220;<em><strong>Les cr\u00e9ations de B\u00e9atrice<\/strong><\/em>&#8220;, &#8220;<em><strong>Vie F\u00e9minine<\/strong><\/em>&#8220;, des jeux de soci\u00e9t\u00e9 et des livres d&#8217;occasions et peut-\u00eatre la pr\u00e9sence de &#8220;<em><strong>l&#8217;univers d&#8217;Ezio<\/strong><\/em>&#8220;<\/p>\n\n\n\n<h3 class=\"wp-block-heading has-text-align-center has-subtle-background-background-color has-background\">C\u00f4t\u00e9 bars et foodtrucks :&nbsp;<\/h3>\n\n\n\n<p class=\"has-text-align-center has-normal-font-size wp-block-paragraph\">&#8220;<em><strong>Les irr\u00e9sistibles beignets<\/strong><\/em>&#8220;, &#8220;<em><strong>Foodtruck Entre Amis<\/strong><\/em>&#8220;, &#8220;<em><strong>Bourlettine &amp; Tip Top Beer<\/strong><\/em>&#8221; et le <em><strong>bar du Centre culturel<\/strong><\/em>.&nbsp;<\/p>\n\n\n\n<h3 class=\"wp-block-heading has-text-align-center has-primary-color has-subtle-background-background-color has-text-color has-background has-link-color wp-elements-2\">C\u00f4t\u00e9 programmation :&nbsp;<\/h3>\n\n\n\n<p class=\"has-text-align-center has-normal-font-size wp-block-paragraph\">&#8220;<em><strong>Armand G\u00e9rard<\/strong><\/em>&#8221; pour l&#8217;ap\u00e9ritif musical, &#8220;<em><strong>l&#8217;ASBL Ateliers.be<\/strong><\/em>&#8221; pour les animations th\u00e9\u00e2trales, &#8220;<em><strong>C\u00e9lia Thom\u00e9e<\/strong><\/em>&#8221; pour un concert, &#8220;<em><strong>See Swing<\/strong><\/em>&#8221; pour une initiation de danse de couple et le concert final sera assur\u00e9 par <em><strong>ROXO Music<\/strong><\/em>.&nbsp;<\/p>\n\n\n\n<p class=\"has-text-align-center has-normal-font-size wp-block-paragraph\"><em><strong>100% bonne humeur !&nbsp;<\/strong><\/em><\/p>\n\n\n\n<p class=\"has-text-align-center has-large-font-size wp-block-paragraph\"><strong>ENTREE GRATUITE \/ Animations pour petits et grands !&nbsp;<\/strong><\/p>\n\n\n<div class=\"wp-block-image\">\n<figure class=\"aligncenter\"><img decoding=\"async\" src=\"https:\/\/www.anderlues.be\/evenements\/bourlinguette.jpg\/@@images\/e5c83530-1d06-477c-b1b7-76a51866a758.jpeg\" alt=\"\" title=\"Bourlinguette\" \/><\/figure>\n<\/div>\n\n<div class=\"wp-block-image\">\n<figure class=\"aligncenter\"><img decoding=\"async\" src=\"https:\/\/www.anderlues.be\/evenements\/foodtrucks-et-bars.jpg\/@@images\/87aa98b6-7613-40d9-bfd3-2d0a6ee52407.jpeg\" alt=\"\" title=\"Foodtrucks et bars\" \/><\/figure>\n<\/div>\n\n<div class=\"wp-block-image\">\n<figure class=\"aligncenter\"><img decoding=\"async\" src=\"https:\/\/www.anderlues.be\/evenements\/programme.png\/@@images\/d9396657-a0ed-4b04-a1cf-a4309965342d.png\" alt=\"\" title=\"programme\" \/><\/figure>\n<\/div>\n\n<div class=\"wp-block-image\">\n<figure class=\"aligncenter\"><img decoding=\"async\" src=\"https:\/\/www.anderlues.be\/evenements\/exposants.jpg\/@@images\/9399a88b-0583-45d2-8506-b088f183cc14.jpeg\" alt=\"\" title=\"Exposants\" \/><\/figure>\n<\/div>\n\n\n<figure class=\"wp-block-image size-large\"><img loading=\"lazy\" decoding=\"async\" width=\"1024\" height=\"724\" src=\"https:\/\/www.culture-anderlues.be\/wp-content\/uploads\/2026\/01\/Animations-enfants-1024x724.jpg\" alt=\"\" class=\"wp-image-1013\" srcset=\"https:\/\/www.culture-anderlues.be\/wp-content\/uploads\/2026\/01\/Animations-enfants-1024x724.jpg 1024w, https:\/\/www.culture-anderlues.be\/wp-content\/uploads\/2026\/01\/Animations-enfants-300x212.jpg 300w, https:\/\/www.culture-anderlues.be\/wp-content\/uploads\/2026\/01\/Animations-enfants-768x543.jpg 768w, https:\/\/www.culture-anderlues.be\/wp-content\/uploads\/2026\/01\/Animations-enfants-1536x1086.jpg 1536w, https:\/\/www.culture-anderlues.be\/wp-content\/uploads\/2026\/01\/Animations-enfants-2048x1448.jpg 2048w, https:\/\/www.culture-anderlues.be\/wp-content\/uploads\/2026\/01\/Animations-enfants-1200x848.jpg 1200w, https:\/\/www.culture-anderlues.be\/wp-content\/uploads\/2026\/01\/Animations-enfants-1980x1400.jpg 1980w\" sizes=\"auto, (max-width: 1024px) 100vw, 1024px\" \/><\/figure>\n","protected":false},"featured_media":1010,"template":"","meta":[],"event_listing_category":[48],"event_listing_type":[],"class_list":["post-1007","event_listing","type-event_listing","status-expired","has-post-thumbnail","hentry","event_listing_category-concert"],"_links":{"self":[{"href":"https:\/\/www.culture-anderlues.be\/index.php?rest_route=\/wp\/v2\/event_listing\/1007","targetHints":{"allow":["GET"]}}],"collection":[{"href":"https:\/\/www.culture-anderlues.be\/index.php?rest_route=\/wp\/v2\/event_listing"}],"about":[{"href":"https:\/\/www.culture-anderlues.be\/index.php?rest_route=\/wp\/v2\/types\/event_listing"}],"wp:attachment":[{"href":"https:\/\/www.culture-anderlues.be\/index.php?rest_route=%2Fwp%2Fv2%2Fmedia&parent=1007"}],"wp:term":[{"taxonomy":"event_listing_category","embeddable":true,"href":"https:\/\/www.culture-anderlues.be\/index.php?rest_route=%2Fwp%2Fv2%2Fevent_listing_category&post=1007"},{"taxonomy":"event_listing_type","embeddable":true,"href":"https:\/\/www.culture-anderlues.be\/index.php?rest_route=%2Fwp%2Fv2%2Fevent_listing_type&post=1007"}],"curies":[{"name":"wp","href":"https:\/\/api.w.org\/{rel}","templated":true}]}}

Bourlinguette &#8211; 22 août 2026

<h4 class="wp-block-heading has-text-align-center">A vos agendas !</h4>



<h3 class="wp-block-heading has-text-align-center">La Bibliothèque &#8220;le Balzac&#8221; et le Centre culturel d&#8217;Anderlues</h3>



<p class="has-text-align-center wp-block-paragraph">vous convient à :</p>



<h4 class="wp-block-heading has-text-align-center has-background-color has-secondary-background-color has-text-color has-background has-link-color wp-elements-1">SA BOURLINGUETTE</h4>



<p class="has-text-align-center has-normal-font-size wp-block-paragraph"><em><strong>Ambiance lampions, musique live et fraîcheur&#8230;&nbsp;</strong></em></p>



<p class="has-text-align-center has-large-font-size wp-block-paragraph"><em><strong>La Guinguette arrive !&nbsp;</strong></em></p>



<p class="has-text-align-center has-normal-font-size wp-block-paragraph"><em>Envie de déconnecter une dernière fois avant la rentrée?&nbsp;</em></p>



<p class="has-text-align-center has-normal-font-size wp-block-paragraph"><em>Rejoignez nous le <strong>samedi 22 août sur la Place Paul Pastur à Anderlues de 11h à minuit</strong> pour une journée sous le signe de la convivialité et du partage !&nbsp;</em></p>



<h4 class="wp-block-heading has-text-align-center">PROGRAMME :</h4>



<p class="has-text-align-center has-normal-font-size wp-block-paragraph"><em><strong>Dès 11h : ouverture des stands, des animations, des foodtrucks et des bars</strong></em></p>



<h3 class="wp-block-heading has-text-align-center has-subtle-background-background-color has-background">Côté animations :&nbsp;</h3>



<p class="has-text-align-center has-normal-font-size wp-block-paragraph">Jeux, château gonflable, grimage, sculpteur de ballons, coin lecture et détente, spectacle lumineux avec &#8220;<em><strong>Pré En Bulle</strong></em>&#8220;, &#8220;<em><strong>ASBL CrazyCircus</strong></em>&#8221; et &#8220;<strong><em>Babusiaux Animations</em></strong>&#8220;.&nbsp;</p>



<h3 class="wp-block-heading has-text-align-center has-subtle-background-background-color has-background">Côté artisanat :&nbsp;</h3>



<p class="has-text-align-center has-normal-font-size wp-block-paragraph">&#8220;<em><strong>Style &amp; Inspiration</strong></em>&#8220;, &#8220;<em><strong>Created By Nell</strong></em>&#8220;, &#8220;<em><strong>La Cardabelle</strong></em>&#8220;, &#8220;<em><strong>Tupperware</strong></em>&#8221; avec Gloria Savini, &#8220;<em><strong>Savonnerie artisanale Terra</strong></em>&#8220;, mais aussi &#8220;<em><strong>les Doudous magiques</strong></em>&#8220;, &#8220;<em><strong>Les créations de Béatrice</strong></em>&#8220;, &#8220;<em><strong>Vie Féminine</strong></em>&#8220;, des jeux de société et des livres d&#8217;occasions et peut-être la présence de &#8220;<em><strong>l&#8217;univers d&#8217;Ezio</strong></em>&#8220;</p>



<h3 class="wp-block-heading has-text-align-center has-subtle-background-background-color has-background">Côté bars et foodtrucks :&nbsp;</h3>



<p class="has-text-align-center has-normal-font-size wp-block-paragraph">&#8220;<em><strong>Les irrésistibles beignets</strong></em>&#8220;, &#8220;<em><strong>Foodtruck Entre Amis</strong></em>&#8220;, &#8220;<em><strong>Bourlettine &amp; Tip Top Beer</strong></em>&#8221; et le <em><strong>bar du Centre culturel</strong></em>.&nbsp;</p>



<h3 class="wp-block-heading has-text-align-center has-primary-color has-subtle-background-background-color has-text-color has-background has-link-color wp-elements-2">Côté programmation :&nbsp;</h3>



<p class="has-text-align-center has-normal-font-size wp-block-paragraph">&#8220;<em><strong>Armand Gérard</strong></em>&#8221; pour l&#8217;apéritif musical, &#8220;<em><strong>l&#8217;ASBL Ateliers.be</strong></em>&#8221; pour les animations théâtrales, &#8220;<em><strong>Célia Thomée</strong></em>&#8221; pour un concert, &#8220;<em><strong>See Swing</strong></em>&#8221; pour une initiation de danse de couple et le concert final sera assuré par <em><strong>ROXO Music</strong></em>.&nbsp;</p>



<p class="has-text-align-center has-normal-font-size wp-block-paragraph"><em><strong>100% bonne humeur !&nbsp;</strong></em></p>



<p class="has-text-align-center has-large-font-size wp-block-paragraph"><strong>ENTREE GRATUITE / Animations pour petits et grands !&nbsp;</strong></p>


<div class="wp-block-image">
<figure class="aligncenter"><img decoding="async" src="https://www.anderlues.be/evenements/bourlinguette.jpg/@@images/e5c83530-1d06-477c-b1b7-76a51866a758.jpeg" alt="" title="Bourlinguette" /></figure>
</div>

<div class="wp-block-image">
<figure class="aligncenter"><img decoding="async" src="https://www.anderlues.be/evenements/foodtrucks-et-bars.jpg/@@images/87aa98b6-7613-40d9-bfd3-2d0a6ee52407.jpeg" alt="" title="Foodtrucks et bars" /></figure>
</div>

<div class="wp-block-image">
<figure class="aligncenter"><img decoding="async" src="https://www.anderlues.be/evenements/programme.png/@@images/d9396657-a0ed-4b04-a1cf-a4309965342d.png" alt="" title="programme" /></figure>
</div>

<div class="wp-block-image">
<figure class="aligncenter"><img decoding="async" src="https://www.anderlues.be/evenements/exposants.jpg/@@images/9399a88b-0583-45d2-8506-b088f183cc14.jpeg" alt="" title="Exposants" /></figure>
</div>


<figure class="wp-block-image size-large"><img loading="lazy" decoding="async" width="1024" height="724" src="https://www.culture-anderlues.be/wp-content/uploads/2026/01/Animations-enfants-1024x724.jpg" alt="" class="wp-image-1013" srcset="https://www.culture-anderlues.be/wp-content/uploads/2026/01/Animations-enfants-1024x724.jpg 1024w, https://www.culture-anderlues.be/wp-content/uploads/2026/01/Animations-enfants-300x212.jpg 300w, https://www.culture-anderlues.be/wp-content/uploads/2026/01/Animations-enfants-768x543.jpg 768w, https://www.culture-anderlues.be/wp-content/uploads/2026/01/Animations-enfants-1536x1086.jpg 1536w, https://www.culture-anderlues.be/wp-content/uploads/2026/01/Animations-enfants-2048x1448.jpg 2048w, https://www.culture-anderlues.be/wp-content/uploads/2026/01/Animations-enfants-1200x848.jpg 1200w, https://www.culture-anderlues.be/wp-content/uploads/2026/01/Animations-enfants-1980x1400.jpg 1980w" sizes="auto, (max-width: 1024px) 100vw, 1024px" /></figure>
